 tens digit of 247549738?
3
What is the ten thousands digit of 62889232?
8
What is the ten thousands digit of 18615460?
1
What is the tens digit of 15051742?
4
What is the ten millions digit of 64876777?
6
What is the millions digit of 44141474?
4
What is the millions digit of 3499347856?
9
What is the billions digit of 8108092201?
8
What is the hundred thousands digit of 77653072?
6
What is the hundred millions digit of 2153841297?
1
What is the hundreds digit of 172502188?
1
What is the units digit of 7096045780?
0
What is the millions digit of 284239810?
4
What is the ten millions digit of 42497344?
4
What is the billions digit of 2052064295?
2
What is the millions digit of 1939149124?
9
What is the hundred millions digit of 147533597?
1
What is the ten millions digit of 52071064?
5
What is the tens digit of 3758314859?
5
What is the ten millions digit of 21516507?
2
What is the hundred thousands digit of 888426043?
4
What is the billions digit of 5687611747?
5
What is the tens digit of 73615676?
7
What is the hundred thousands digit of 2361699809?
6
What is the tens digit of 1367803157?
5
What is the millions digit of 1566729904?
6
What is the hundred millions digit of 1305636147?
3
What is the hundred thousands digit of 36550227?
5
What is the thousands digit of 54371880?
1
What is the ten millions digit of 1561978697?
6
What is the thousands digit of 271309717?
9
What is the billions digit of 1028124235?
1
What is the units digit of 528553725?
5
What is the millions digit of 524600043?
4
What is the thousands digit of 51797369?
7
What is the hundreds digit of 62985442?
4
What is the billions digit of 1794929086?
1
What is the hundreds digit of 1995696786?
7
What is the hundreds digit of 13118428?
4
What is the units digit of 116194582?
2
What is the thousands digit of 4164077692?
7
What is the ten millions digit of 416473198?
1
What is the tens digit of 1187329840?
4
What is the units digit of 50957444?
4
What is the hundreds digit of 77004095?
0
What is the units digit of 37701528?
8
What is the ten millions digit of 173245887?
7
What is the hundred thousands digit of 446228946?
2
What is the millions digit of 64925077?
4
What is the tens digit of 226756496?
9
What is the millions digit of 32295702?
2
What is the millions digit of 344080408?
4
What is the millions digit of 79920999?
9
What is the hundred millions digit of 7405173492?
4
What is the billions digit of 4686751916?
4
What is the thousands digit of 50502286?
2
What is the units digit of 165110810?
0
What is the hundred thousands digit of 24853462?
8
What is the hundreds digit of 3077973161?
1
What is the hundred thousands digit of 367534337?
5
What is the millions digit of 395190809?
5
What is the ten millions digit of 88668949?
8
What is the hundred millions digit of 736968693?
7
What is the hundred thousands digit of 2448796714?
7
What is the millions digit of 155744112?
5
What is the tens digit of 69161888?
8
What is the millions digit of 4280753351?
0
What is the hundred millions digit of 105377764?
1
What is the hundred thousands digit of 517469239?
4
What is the units digit of 19229056?
6
What is the units digit of 1586585177?
7
What is the millions digit of 1059060285?
9
What is the thousands digit of 217257989?
7
What is the thousands digit of 1091175952?
5
What is the ten thousands digit of 95675028?
7
What is the hundreds digit of 97369694?
6
What is the hundred thousands digit of 90330498?
3
What is the ten millions digit of 5071842843?
7
What is the hundreds digit of 3676062512?
5
What is the ten thousands digit of 1447821901?
2
What is the ten millions digit of 55050744?
5
What is the ten thousands digit of 520733038?
3
What is the tens digit of 32746174?
7
What is the hundreds digit of 422346864?
8
What is the thousands digit of 1428027167?
7
What is the ten thousands digit of 81772329?
7
What is the hundred millions digit of 3450097874?
4
What is the hundreds digit of 9460270?
2
What is the ten millions digit of 40177246?
4
What is the hundreds digit of 2837733391?
3
What is the ten millions digit of 49171477?
4
What is the ten thousands digit of 2852011454?
1
What is the units digit of 1843439157?
7
What is the ten thousands digit of 32598067?
9
What is the millions digit of 9083696?
9
What is the millions digit of 23164976?
3
What is the ten millions digit of 56248105?
5
What is the hundred thousands digit of 134714784?
7
What is the ten thousands digit of 45059376?
5
What is the ten thousands digit of 1592841479?
4
What is the hundreds digit of 1344110726?
7
What is the units digit of 1525059728?
8
What is the ten thousands digit of 201678996?
7
What is the tens digit of 3760017389?
8
What is the tens digit of 806526737?
3
What is the tens digit of 436162536?
3
What is the units digit of 985018?
8
What is the tens digit of 596527228?
2
What is the hundreds digit of 160130078?
0
What is the units digit of 2613653036?
6
What is the hundreds digit of 1099501056?
0
What is the ten millions digit of 49222596?
4
What is the ten millions digit of 709346904?
0
What is the millions digit of 677639323?
7
What is the tens digit of 25077363?
6
What is the hundreds digit of 10262284?
2
What is the ten thousands digit of 590093792?
9
What is the tens digit of 601410188?
8
What is the tens digit of 18927474?
7
What is the millions digit of 10521077?
0
What is the thousands digit of 143517716?
7
What is the tens digit of 26835444?
4
What is the ten thousands digit of 351892990?
9
What is the ten thousands digit of 62616414?
1
What is the hundred thousands digit of 994382487?
3
What is the units digit of 1794850383?
3
What is the millions digit of 61838283?
1
What is the units digit of 231965520?
0
What is the units digit of 200910007?
7
What is the thousands digit of 4308696294?
6
What is the tens digit of 55048452?
5
What is the hundreds digit of 836073247?
2
What is the ten millions digit of 529281693?
2
What is the ten thousands digit of 705611773?
1
What is the ten thousands digit of 1137697?
3
What is the hundred thousands digit of 723660647?
6
What is the millions digit of 51289353?
1
What is the hundreds digit of 11031652?
6
What is the millions digit of 42079094?
2
What is the hundred thousands digit of 4278384168?
3
What is the hundreds digit of 765118353?
3
What is the hundreds digit of 5280486316?
3
What is the tens digit of 12400761?
6
What is the hundred millions digit of 360049218?
3
What is the hundreds digit of 560222733?
7
What is the hundreds digit of 1862912405?
4
What is the ten millions digit of 429743994?
2
What is the thousands digit of 80750235?
0
What is the tens digit of 5434137445?
4
What is the ten thousands digit of 95401607?
0
What is the hundred millions digit of 190007564?
1
What is the thousands digit of 5727704517?
4
What is the ten millions digit of 56358245?
5
What is the tens digit of 199832472?
7
What is the thousands digit of 54055870?
5
What is the hundred millions digit of 115945294?
1
What is the thousands digit of 127959625?
9
What is the tens digit of 248767229?
2
What is the ten millions digit of 2098289632?
9
What is the units digit of 63688656?
6
What is the millions digit of 6921640503?
1
What is the tens digit of 1283291827?
2
What is the tens digit of 5633365?
6
What is the units digit of 32758360?
0
What is the hundreds digit of 676493727?
7
What is the hundreds digit of 1674329824?
8
What is the tens digit of 73516894?
9
What is the units digit of 83512230?
0
What is the billions digit of 2703783262?
2
What is the thousands digit of 14267053?
7
What is the thousands digit of 27257757?
7
What is the hundred thousands digit of 48026948?
0
What is the units digit of 23530276?
6
What is the hundred thousands digit of 73884390?
8
What is the hundred thousands digit of 59368908?
3
What is the hundred thousands digit of 4729204174?
2
What is the units digit of 32357458?
8
What is the thousands digit of 54202850?
2
What is the hundred thousands digit of 59166273?
1
What is the millions digit of 326070404?
6
What is the hundred thousands digit of 45488816?
4
What is the hundred thousands digit of 3438922?
4
What is the ten millions digit of 136158828?
3
What is the tens digit of 229479361?
6
What is the tens digit of 19748651?